n 106 is divided by p(-4)?
25
Suppose -4*k + 24 = 4*x, 2*x + 5*k - 2*k - 14 = 0. Suppose -x*a = -3*u - 221, -6*a + 2*a = 3*u - 251. What is the remainder when a is divided by 15?
14
Suppose -g = -0*g - 3, g = m - 24. Let r = -2 - -4. Suppose r*c - 40 = -3*q, -2*q + 4*c = -0*c. What is the remainder when m is divided by q?
7
Let x = -710 - -780. Calculate the remainder when 271 is divided by x.
61
Let z = -17 + 21. Suppose -10 = -h - z*o, -2*h - 27 = -4*h - o. What is the remainder when h is divided by 6?
2
Suppose -955*q + 954*q + 40 = 0. Calculate the remainder when 196 is divided by q.
36
Suppose -10*p + 5400 = 600. Suppose 4*z + 0*z - p = 0. Calculate the remainder when z is divided by 42.
36
Suppose 0 = r + 3*q - 158, -2*r + q = -72 - 244. What is the remainder when r is divided by 41?
35
Suppose -3*i + 30 = 2*i. Suppose i*k - 5*y = 4*k + 208, 0 = -y - 4. Suppose -5*n + k = 3*t, -t = -2*t + 3*n + 36. What is the remainder when t is divided by 12?
9
Let f(p) = 31. Let u be (((-100)/(-2))/5)/(-2). Let w(o) = o + 30. Let x(t) = u*w(t) + 4*f(t). Calculate the remainder when x(-14) is divided by 15.
14
Suppose 0 = -3*t + 98*m - 102*m + 569, -5*m = -t + 215. Calculate the remainder when t is divided by 49.
48
Suppose -5*x - 15 = 0, 2*k - 296 = 10*x - 6*x. What is the remainder when k is divided by 37?
31
Let m(y) = y**3 + 6*y**2 - 6*y - 7. Let v be m(-7). Let g = v - -19. Suppose -39 = -4*w + g. What is the remainder when w is divided by 5?
1
Suppose -12 + 4 = -4*x - t, -3*x + t + 6 = 0. Suppose -40 = -3*p - x*p. Calculate the remainder when 1*(17 - 8*(-2)/(-4)) is divided by p.
5
Let r be 0 - ((-1518)/(-55))/((-1)/(-5)). What is the remainder when r/184 - 2*(-1534)/16 is divided by 32?
31
Suppose 0 = -5*f + 2*c + 626, -14*c + 18*c = 4*f - 496. What is the remainder when f is divided by 33?
27
Let v(o) = 7*o**2 + 2*o + 1. Let f be v(-1). Suppose 2*q + 2*k = -36, 0 = -3*k - 6 - f. Calculate the remainder when 21 is divided by 31/3 - q/21.
10
Let x = 274 + -136. What is the remainder when x is divided by 49?
40
Let g = 11 - -4. Calculate the remainder when ((-8)/2 - (0 - 10))/(18/174) is divided by g.
13
Let o(q) = 20*q**2 - 87*q + 516. What is the remainder when o(6) is divided by 65?
64
Let q = -75 - -119. Calculate the remainder when 306 is divided by q.
42
Let r be -13 + (1 - 0) - -3. Let k = 18 + r. Calculate the remainder when 25 is divided by k.
7
Let c(x) = x**3 - x**2 + 2*x + 2. Suppose -r + 2*a = -9, 5*r = -2*a - 0*a + 57. Suppose 3 = -r*w + 12*w. What is the remainder when c(w) is divided by 7?
5
Let a(o) = 22*o - 95. Calculate the remainder when a(6) is divided by 27.
10
Suppose 9 = -123*x + 124*x. Calculate the remainder when 14 is divided by (x/3)/((-24)/(-32)).
2
Suppose -40 = -2*r + r. Suppose 2*a = -h + 45, -a - h + r = -4*h. What is the remainder when a is divided by 10?
5
Let y = 172 + -32. What is the remainder when y is divided by 49?
42
Suppose 2*j + 120 = 10*j. What is the remainder when (-4)/(-10) + (-406)/(-10) is divided by 20/j*(-63)/(-6)?
13
Let r(d) = -29 - 5*d - d**2 - 4*d + 2*d**2. What is the remainder when r(13) is divided by 12?
11
Let q be 3/(-5) - ((-48)/5 + 4). Suppose -q*f + 0*f = -205. Calculate the remainder when f is divided by 14.
13
Suppose 4*p - p - 466 = 5*m, -2*p + 296 = 4*m. Let t be -1*p/(-2) + -3. Suppose 23 = n - 4*y - 8, -y + t = 4*n. Calculate the remainder when n is divided by 11.
8
Let y = -358 - -382. Let k(n) = n**3 - 3*n**2 + 2*n + 4. Let c be k(3). What is the remainder when (138/c)/(4/20) is divided by y?
21
Let m = -393 - -404. What is the remainder when 15 is divided by m?
4
Let g(x) = 20*x**2 - x. Let q(z) = -12*z - 664. Calculate the remainder when q(-59) is divided by g(1).
6
Suppose -26*c - 23*c + 6517 = 0. Calculate the remainder when 140 is divided by c.
7
Let z(n) = 3 - 3*n**3 + 5*n**3 + 6*n**2 - 3*n**3 - 9*n + 2*n**3. What is the remainder when z(-7) is divided by 9?
8
Suppose -6*y + 454 = -842. What is the remainder when y is divided by 74?
68
Let k(j) = -1. Let i(s) = -4*s - 2. Let w(d) = i(d) - 3*k(d). What is the remainder when 26 is divided by w(-2)?
8
Let i be 63/5 + 4/10. Let d = 17 - i. Calculate the remainder when 17 is divided by d.
1
Suppose l + 5 = 2*l. Let y be 15/30*(-1 - l). What is the remainder when 1/(y - (-115)/38) is divided by 13?
12
Let c be (-1)/(-2*(-2)/(-236)). Suppose -3*d + 89 = -o, 4*o + c = 2*d + 3*o. Calculate the remainder when d is divided by 17.
13
Suppose 5*y = 187 + 1463. What is the remainder when y is divided by 67?
62
Suppose -4*h + 3*d + 285 = 0, -4*d + 126 = h + h. What is the remainder when h is divided by 14?
13
Suppose 3*c = 102 - 0. Suppose -101 = 10*t + 119. Let l = t + c. Calculate the remainder when 33 is divided by l.
9
Let w = 51 + -25. Suppose -a + 474 = 3*x, -5*x = -0*a + a - 790. Suppose -3*d = 3*b - 144, -x - 82 = -5*d + b. What is the remainder when d is divided by w?
22
Let f(m) = -444 - 4*m + 444. What is the remainder when 18 is divided by f(-3)?
6
Suppose 3*w + 1476 = 3*d, 0 = 4*d - 5*w - 0*w - 1966. Calculate the remainder when d is divided by 15.
14
Let n(a) = a + 31. Suppose 16 + 20 = -3*z. Calculate the remainder when 36 is divided by n(z).
17
Let i = -46 - -41. Let f(k) = 3*k**2 + 10*k - 4. What is the remainder when 60 is divided by f(i)?
18
Suppose -2*q - g + 11 = 0, 3*q - 22 = -4*g + 8*g. Suppose q*c - 121 = 17. What is the remainder when c is divided by 16?
7
Let t = 2 + 3. Suppose -3*b + 2*u = -5*b + 66, t*u = -4*b + 130. Calculate the remainder when b is divided by 6.
5
Suppose -h + 45 = -2*b - 442, -b = -3*h + 1451. Calculate the remainder when h is divided by 81.
78
Suppose -3*f + 2*h = -1073, -4*f + 8*f - 1404 = -4*h. Calculate the remainder when f is divided by 51.
49
Suppose -5*f + 184 = 4*m, -3*f + 5*m = -5*f + 77. Let a(i) = 2*i**2 - 9*i - 18. What is the remainder when a(-7) is divided by f?
35
Suppose 4*s - 6*s + 196 = 0. Let h = -81 - -106. What is the remainder when s is divided by h?
23
Let w be (70/4)/7*(5 - 3). Suppose 2*u + 10 = -0*u, w*d + u = 25. Calculate the remainder when d is divided by 2.
0
Let z = 16 - -24. Suppose d + 0*d - z = 0. Calculate the remainder when d is divided by 7.
5
Let h(q) = 62*q - 48. Calculate the remainder when h(2) is divided by 25.
1
Let r = 513 + -508. Calculate the remainder when 27 is divided by r.
2
Suppose 13*d = 19*d - 7116. Calculate the remainder when d is divided by 33.
31
Suppose 4*b + 0*r + 2*r = 252, -4*b + 254 = r. What is the remainder when b is divided by (5 - -6)/(10/4 - 2)?
20
Suppose -67*k + 17*k = -3500. What is the remainder when 238 is divided by k?
28
Suppose -16 - 74 = -6*i. What is the remainder when 734 is divided by i?
14
Suppose -2*i + 5*i = -81. Let g = -1 - i. Suppose r = -4*s + 1, s = 2*r - 16 - 4. Calculate the remainder when g is divided by r.
8
Suppose 2*g + g + 87 = 0. Let f = g - -36. What is the remainder when f is divided by 6?
1
Let o(p) = p**2 + 11*p + 13. Let b be o(-6). Let k = b - -67. Calculate the remainder when k is divided by 17.
16
Let d(v) = -2*v**2 + 15*v - 3. Let u(b) = 5 - b**2 + 7*b - 6 - 3*b + 4. Let z be u(3). What is the remainder when 27 is divided by d(z)?
12
Let y = -1684 - -1697. What is the remainder when 140 is divided by y?
10
Let v(h) = -h**3 - 6*h**2 - 10*h - 2. What is the remainder when v(-5) is divided by (18/15)/((-1)/(-10))?
11
Let o = -385 + 397. Let u be (-2)/4 + 7/2. Calculate the remainder when 32 is divided by u + o/3*2.
10
Let s(w) = w**3 + 10*w**2 + 10*w + 13. Let i be s(-9). Suppose p - 135 = -i*p. Calculate the remainder when p is divided by 5.
2
Suppose 22*x + 75*x - 89046 = 0. What is the remainder when x is divided by 11?
5
Suppose 5 = -2*h + 11. Suppose -h*z + 208 = -77. Calculate the remainder when z is divided by 32.
31
Let s(c) = 3*c**2 - 4 - 1 + 2*c + 3. Suppose 2*t + 5*u - 35 = 10*u, -5*t + 35 = -2*u. What is the remainder when s(2) is divided by t?
4
Let m(q) = -q**3 - 9*q**2 - 5*q + 6. Suppose 2*x = x - 9. Let k be m(x). Suppose 0 = 5*j - 24 - k. What is the remainder when j is divided by 5?
0
Let s(q) = 2*q**2 - 19*q + 36. What is the remainder when 45 is divided by s(8)?
9
Let y(x) = -x**3 - 17*x**2 + 21*x - 9. Calculate the remainder when y(-19) is divided by 35.
34
Let h(